HELP please reading Logcat results.

Donna3939

New member
Jan 1, 2013
1
0
0
Visit site
Hi everyone!

I am completely thick when it comes to the inner workings of my phone.

I have had it for about 6 months now and from about a month after getting it it has randomly restarted almost every day.

After googling it, I read about something called a Logcat file which shows where the problem could lie (I'm hesitant about removing all my apps as I have paid for quite a few of them). So today I downloaded aLogcat from the android play store. I have ran it, and although it's still going now, this is a snippet:

E/DataRouter( 1831): DrReadUsbStatus returns false USB is offline
E/InstalledAppDetails( 6915): setPackageList() configFilename:/system/etc/uninstall_lock_packages.txt
E/InstalledAppDetails( 6915): There has no files. :/system/etc/uninstall_lock_packages.txt
E/InstalledAppDetails( 6915): There's no information
E/InstalledAppDetails( 6915): Application package name = com.alarmclock.xtreme
I/SurfaceFlinger( 1834): id=373(8) createSurface 0x3b444 (1x1),1 flag=400
I/ActivityManager( 2004): Displayed shortComponentName: +649ms
I/SurfaceFlinger( 1834): id=372 Removed idx=1 Map Size=4
I/SurfaceFlinger( 1834): id=372 Removed idx=-2 Map Size=4
I/power ( 2004): *** release_dvfs_lock : lockType : 1
W/ActivityManager( 2004): mDVFSLock.release()
E/AlarmManagerService( 2004): android_server_AlarmManagerService_set to type=1, 1357069554.822000000
E/AlarmManagerService( 2004): android_server_AlarmManagerService_set to type=1, 1357069554.838000000
E/lights ( 2004): write_int: path /sys/devices/virtual/sec/sec_touchkey/brightness, value 2
W/PowerManagerService( 2004): Timer 0x7->0x3|0x0
I/PowerManagerService( 2004): Ulight 7->3|0
E/AlarmManagerService( 2004): android_server_AlarmManagerService_set to type=1, 1357069555.838000000
E/AlarmManagerService( 2004): android_server_AlarmManagerService_set to type=1, 1357069555.865000000
E/DataRouter( 1831): DrReadUsbStatus returns false USB is offline
E/DataRouter( 1831): DrReadUsbStatus returns false USB is offline
E/AlarmManagerService( 2004): android_server_AlarmManagerService_set to type=1, 1357069556.865000000
E/AlarmManagerService( 2004): android_server_AlarmManagerService_set to type=1, 1357069556.919000000
E/AlarmManagerService( 2004): android_server_AlarmManagerService_set to type=1, 1357069557.919000000
E/AlarmManagerService( 2004): android_server_AlarmManagerService_set to type=1, 1357069557.967000000
E/DataRouter( 1831): DrReadUsbStatus returns false USB is offline
E/DataRouter( 1831): DrReadUsbStatus returns false USB is offline
E/AlarmManagerService( 2004): android_server_AlarmManagerService_set to type=1, 1357069558.967000000
E/AlarmManagerService( 2004): android_server_AlarmManagerService_set to type=1, 1357069559.010000000
E/DataRouter( 1831): DrReadUsbStatus returns false USB is offline
E/DataRouter( 1831): DrReadUsbStatus returns false USB is offline
E/AlarmManagerService( 2004): android_server_AlarmManagerService_set to type=1, 1357069560.010000000
E/AlarmManagerService( 2004): android_server_AlarmManagerService_set to type=1, 1357069560.060000000
E/AlarmManagerService( 2004): android_server_AlarmManagerService_set to type=3, 4075.077000000
E/AlarmManagerService( 2004): android_server_AlarmManagerService_set to type=3, 3853.172000000
E/AlarmManagerService( 2004): android_server_AlarmManagerService_set to type=1, 1357069561.060000000
E/AlarmManagerService( 2004): android_server_AlarmManagerService_set to type=1, 1357069561.129000000
E/DataRouter( 1831): DrReadUsbStatus returns false USB is offline
E/DataRouter( 1831): DrReadUsbStatus returns false USB is offline
E/AlarmManagerService( 2004): android_server_AlarmManagerService_set to type=1, 1357069562.129000000
E/AlarmManagerService( 2004): android_server_AlarmManagerService_set to type=1, 1357069562.170000000
E/AlarmManagerService( 2004): android_server_AlarmManagerService_set to type=1, 1357069563.170000000
E/AlarmManagerService( 2004): android_server_AlarmManagerService_set to type=1, 1357069563.215000000
E/DataRouter( 1831): DrReadUsbStatus returns false USB is offline
E/DataRouter( 1831): DrReadUsbStatus returns false USB is offline
E/AlarmManagerService( 2004): android_server_AlarmManagerService_set to type=1, 1357069564.215000000
E/AlarmManagerService( 2004): android_server_AlarmManagerService_set to type=1, 1357069564.259000000
E/AlarmManagerService( 2004): android_server_AlarmManagerService_set to type=1, 1357069565.259000000
E/AlarmManagerService( 2004): android_server_AlarmManagerService_set to type=1, 1357069565.297000000
E/DataRouter( 1831): DrReadUsbStatus returns false USB is offline
E/DataRouter( 1831): DrReadUsbStatus returns false USB is offline
E/AlarmManagerService( 2004): android_server_AlarmManagerService_set to type=1, 1357069566.297000000
E/AlarmManagerService( 2004): android_server_AlarmManagerService_set to type=1, 1357069566.334000000
E/AlarmManagerService( 2004): android_server_AlarmManagerService_set to type=2, 4145.394000000
E/AlarmManagerService( 2004): android_server_AlarmManagerService_set to type=2, 3804.446000000
E/AlarmManagerService( 2004): android_server_AlarmManagerService_set to type=2, 3804.446000000
E/AlarmManagerService( 2004): android_server_AlarmManagerService_set to type=1, 1357069567.334000000
E/AlarmManagerService( 2004): android_server_AlarmManagerService_set to type=1, 1357069567.359000000
E/DataRouter( 1831): DrReadUsbStatus returns false USB is offline
E/DataRouter( 1831): DrReadUsbStatus returns false USB is offline
E/AlarmManagerService( 2004): android_server_AlarmManagerService_set to type=1, 1357069568.359000000
E/AlarmManagerService( 2004): android_server_AlarmManagerService_set to type=1, 1357069568.394000000
E/AlarmManagerService( 2004): android_server_AlarmManagerService_set to type=1, 1357069569.394000000
E/AlarmManagerService( 2004): android_server_AlarmManagerService_set to type=1, 1357069569.430000000
E/DataRouter( 1831): DrReadUsbStatus returns false USB is offline
E/DataRouter( 1831): DrReadUsbStatus returns false USB is offline
I/InputReader( 2004): dispatchTouch::touch event's action is 0 (deviceType=0) [pCnt=1, pending(waiting finished signal)=0]
I/InputDispatcher( 2004): Delivering touch to current input target
I/InputDispatcher( 2004): Delivering touch to current input target
E/lights ( 2004): write_int: path /sys/devices/virtual/sec/sec_touchkey/brightness, value 1
I/PowerManagerService( 2004): Ulight 3->7|0
E/AlarmManagerService( 2004): android_server_AlarmManagerService_set to type=1, 1357069570.430000000
E/AlarmManagerService( 2004): android_server_AlarmManagerService_set to type=1, 1357069570.460000000
I/InputReader( 2004): dispatchTouch::touch event's action is 1 (deviceType=0) [pCnt=1, pending(waiting finished signal)=0]
I/InputDispatcher( 2004): Delivering touch to current input target
I/InputDispatcher( 2004): Delivering touch to current input target
E/AlarmManagerService( 2004): android_server_AlarmManagerService_set to type=1, 1357069571.460000000
E/AlarmManagerService( 2004): android_server_AlarmManagerService_set to type=1, 1357069571.479000000
E/lights ( 2004): write_int: path /sys/devices/virtual/sec/sec_touchkey/brightness, value 2
W/PowerManagerService( 2004): Timer 0x7->0x3|0x0
I/PowerManagerService( 2004): Ulight 7->3|0
E/AlarmManagerService( 2004): android_server_AlarmManagerService_set to type=2, 3859.446000000
E/DataRouter( 1831): DrReadUsbStatus returns false USB is offline
E/DataRouter( 1831): DrReadUsbStatus returns false USB is offline
I/InputReader( 2004): dispatchTouch::touch event's action is 0 (deviceType=0) [pCnt=1, pending(waiting finished signal)=0]
I/InputDispatcher( 2004): Delivering touch to current input target
I/InputDispatcher( 2004): Delivering touch to current input target
E/lights ( 2004): write_int: path /sys/devices/virtual/sec/sec_touchkey/brightness, value 1
I/PowerManagerService( 2004): Ulight 3->7|0
I/InputReader( 2004): dispatchTouch::touch event's action is 1 (deviceType=0) [pCnt=1, pending(waiting finished signal)=0]
I/InputDispatcher( 2004): Delivering touch to current input target
I/InputDispatcher( 2004): Delivering touch to current input target
E/AlarmManagerService( 2004): android_server_AlarmManagerService_set to type=1, 1357069572.479000000
E/AlarmManagerService( 2004): android_server_AlarmManagerService_set to type=1, 1357069572.502000000
E/AlarmManagerService( 2004): android_server_AlarmManagerService_set to type=1, 1357069573.502000000
E/AlarmManagerService( 2004): android_server_AlarmManagerService_set to type=1, 1357069573.536000000
E/lights ( 2004): write_int: path /sys/devices/virtual/sec/sec_touchkey/brightness, value 2
W/PowerManagerService( 2004): Timer 0x7->0x3|0x0
I/PowerManagerService( 2004): Ulight 7->3|0
E/lights ( 2004): write_int: path /sys/devices/virtual/sec/sec_touchkey/brightness, value 1
I/PowerManagerService( 2004): Ulight 3->7|0
I/InputDispatcher( 2004): Delivering key to current input target
I/InputDispatcher( 2004): Delivering key to current input target
I/InputDispatcher( 2004): Delivering key to current input target
I/InputDispatcher( 2004): Delivering key to current input target
I/power ( 2004): *** acquire_dvfs_lock : lockType : 1 freq : 1200000
W/ActivityManager( 2004): mDVFSLock.acquire()
E/DataRouter( 1831): DrReadUsbStatus returns false USB is offline
E/DataRouter( 1831): DrReadUsbStatus returns false USB is offline
I/ManageApplications( 6915): onCreateOptionsMenu in ManageApplications{416a7920 #0 id=0x10202f7}: com.android.internal.view.menu.MenuBuilder@4171f4c0
I/SurfaceFlinger( 1834): id=374(9) createSurface 0x2b8b4 (480x800),1 flag=400
I/SurfaceFlinger( 1834): id=373 Removed idx=3 Map Size=4
I/SurfaceFlinger( 1834): id=373 Removed idx=-2 Map Size=4
I/power ( 2004): *** release_dvfs_lock : lockType : 1
W/ActivityManager( 2004): mDVFSLock.release()
E/AlarmManagerService( 2004): android_server_AlarmManagerService_set to type=1, 1357069574.536000000
E/AlarmManagerService( 2004): android_server_AlarmManagerService_set to type=1, 1357069574.544000000
I/HomeKeyDoubleClick( 2004): addAction() is called. action = 0 canceled = false
I/HomeKeyDoubleClick( 2004): in addAction(), now add
I/HomeKeyDoubleClick( 2004): in addAction(), down event. now call postCheckRunnable().
I/HomeKeyDoubleClick( 2004): postCheckRunnable() is called
I/HomeKeyDoubleClick( 2004): in postCheckRunnable(), now posting.
I/HomeKeyDoubleClick( 2004): in postCheckRunnable(), posting success.
I/HomeKeyDoubleClick( 2004): addAction() is called. action = 1 canceled = false
I/HomeKeyDoubleClick( 2004): in addAction(), now add
E/AlarmManagerService( 2004): android_server_AlarmManagerService_set to type=1, 1357069575.544000000
E/AlarmManagerService( 2004): android_server_AlarmManagerService_set to type=1, 1357069575.582000000
I/HomeKeyDoubleClick( 2004): run() is called *****************************************************
I/HomeKeyDoubleClick( 2004): isSingleClick() is called
I/HomeKeyDoubleClick( 2004): in isSingleClick() true
I/HomeKeyDoubleClick( 2004): -------------------------------single clicked
I/HomeKeyDoubleClick( 2004): singleClickJob() is called.
I/HomeKeyDoubleClick( 2004): in singleClickJob(), mSentHomeDownToApp is false. Now call launchHomeFromHotKey()
I/AxT9IME ( 2233): AxT9IME.onReceive:Closing add word popup
W/InputManagerService( 2004): onReceive() calling hidecurrentInputLocked
I/power ( 2004): *** acquire_dvfs_lock : lockType : 1 freq : 1200000
I/ActivityManager( 2004): START {intent.toShortString} from pid 2004
W/ActivityManager( 2004): mDVFSLock.acquire()
I/HomeKeyDoubleClick( 2004): reset() is called
I/HomeKeyDoubleClick( 2004): in reset() after reset, mPosted = false mHomeActionList.size() = 0
W/InputManagerService( 2004): Unexpected intent Intent { act=android.sec.intent.action.CLICKED_HOMEKEY flg=0x10 }
I/Launcher( 2301): onRestart. Launcher: 41fe6e10
I/Launcher( 2301): onResume. Launcher: 41fe6e10, mIsNewIntent: true
I/SurfaceFlinger( 1834): id=375(26) createSurface 0x41c0c (480x762),1 flag=0
I/SurfaceFlinger( 1834): id=376(27) createSurface 0x3be4c (480x800),1 flag=0
I/PhotoAppWidgetProvider( 5179): onReceive
I/PhotoAppWidgetProvider( 5179): RestartSlideShow
I/Launcher( 2301): onWindowFocusChanged(true)
I/power ( 2004): *** release_dvfs_lock : lockType : 1
W/ActivityManager( 2004): mDVFSLock.release()
W/IInputConnectionWrapper( 6915): showStatusIcon on inactive InputConnection
W/InputManagerService( 2004): Starting input on non-focused client com.android.internal.view.IInputMethodClient$Stub$Proxy@421a9060 (uid=1000 pid=6915)
E/DataRouter( 1831): DrReadUsbStatus returns false USB is offline
E/DataRouter( 1831): DrReadUsbStatus returns false USB is offline
I/SurfaceFlinger( 1834): id=374 Removed idx=4 Map Size=5
I/SurfaceFlinger( 1834): id=374 Removed idx=-2 Map Size=5
E/lights ( 2004): write_int: path /sys/devices/virtual/sec/sec_touchkey/brightness, value 2
W/PowerManagerService( 2004): Timer 0x7->0x3|0x0
I/PowerManagerService( 2004): Ulight 7->3|0
E/AlarmManagerService( 2004): android_server_AlarmManagerService_set to type=1, 1357069576.582000000
E/AlarmManagerService( 2004): android_server_AlarmManagerService_set to type=1, 1357069576.679000000
E/AlarmManagerService( 2004): android_server_AlarmManagerService_set to type=2, 3859.446000000
E/AlarmManagerService( 2004): android_server_AlarmManagerService_set to type=1, 1357069577.679000000
E/AlarmManagerService( 2004): android_server_AlarmManagerService_set to type=1, 1357069577.716000000
E/DataRouter( 1831): DrReadUsbStatus returns false USB is offline
E/DataRouter( 1831): DrReadUsbStatus returns false USB is offline
E/AlarmManagerService( 2004): android_server_AlarmManagerService_set to type=1, 1357069578.716000000
E/AlarmManagerService( 2004): android_server_AlarmManagerService_set to type=1, 1357069578.755000000
E/AlarmManagerService( 2004): android_server_AlarmManagerService_set to type=1, 1357069579.755000000
E/AlarmManagerService( 2004): android_server_AlarmManagerService_set to type=1, 1357069579.792000000
E/DataRouter( 1831): DrReadUsbStatus returns false USB is offline
E/DataRouter( 1831): DrReadUsbStatus returns false USB is offline
E/AlarmManagerService( 2004): android_server_AlarmManagerService_set to type=1, 1357069580.792000000
E/AlarmManagerService( 2004): android_server_AlarmManagerService_set to type=1, 1357069580.838000000
E/AlarmManagerService( 2004): android_server_AlarmManagerService_set to type=1, 1357069581.838000000
E/AlarmManagerService( 2004): android_server_AlarmManagerService_set to type=1, 1357069581.877000000
E/DataRouter( 1831): DrReadUsbStatus returns false USB is offline
E/DataRouter( 1831): DrReadUsbStatus returns false USB is offline
I/PowerManagerService( 2004): Ulight 3->7|0
E/lights ( 2004): write_int: path /sys/devices/virtual/sec/sec_touchkey/brightness, value 1
I/InputDispatcher( 2004): Delivering key to current input target
I/InputDispatcher( 2004): Delivering key to current input target
I/InputDispatcher( 2004): Delivering key to current input target
I/InputDispatcher( 2004): Delivering key to current input target
I/SurfaceFlinger( 1834): id=377(28) createSurface 0x47204 (1x1),1 flag=0
I/Launcher( 2301): onWindowFocusChanged(false)
E/AlarmManagerService( 2004): android_server_AlarmManagerService_set to type=1, 1357069582.877000000
E/AlarmManagerService( 2004): android_server_AlarmManagerService_set to type=1, 1357069582.910000000
I/InputReader( 2004): dispatchTouch::touch event's action is 0 (deviceType=0) [pCnt=1, pending(waiting finished signal)=0]
I/InputDispatcher( 2004): Delivering touch to current input target
I/InputDispatcher( 2004): Delivering touch to current input target
I/InputReader( 2004): dispatchTouch::touch event's action is 1 (deviceType=0) [pCnt=1, pending(waiting finished signal)=0]
I/InputDispatcher( 2004): Delivering touch to current input target
I/InputDispatcher( 2004): Delivering touch to current input target
I/ActivityManager( 2004): START {intent.toShortString} from pid 2301
I/power ( 2004): *** acquire_dvfs_lock : lockType : 1 freq : 1200000
W/ActivityManager( 2004): mDVFSLock.acquire()
I/Launcher( 2301): onPause. Launcher: 41fe6e10
I/PhotoAppWidgetProvider( 5179): onReceive
I/PhotoAppWidgetProvider( 5179): PauseSlideShow
I/BluetoothPolicyService( 2004): isBluetoothEnabled
I/SurfaceFlinger( 1834): id=378(10) createSurface 0x3e534 (480x800),1 flag=400
W/SurfaceView( 2301): CHECK surface infomation creating=false formatChanged=false sizeChanged=false visible=false visibleChanged=true surfaceChanged=true realSizeChanged=false redrawNeeded=false left=false top=false
I/SurfaceFlinger( 1834): id=376 Removed idx=1 Map Size=6
I/SurfaceFlinger( 1834): id=377 Removed idx=2 Map Size=5
I/SurfaceFlinger( 1834): id=376 Removed idx=-2 Map Size=5
I/SurfaceFlinger( 1834): id=375 Removed idx=1 Map Size=4
I/SurfaceFlinger( 1834): id=377 Removed idx=-2 Map Size=4
I/SurfaceFlinger( 1834): id=375 Removed idx=-2 Map Size=4
I/power ( 2004): *** release_dvfs_lock : lockType : 1
W/ActivityManager( 2004): mDVFSLock.release()
I/Launcher( 2301): onStop. Launcher: 41fe6e10
E/AlarmManagerService( 2004): android_server_AlarmManagerService_set to type=1, 1357069583.910000000
E/AlarmManagerService( 2004): android_server_AlarmManagerService_set to type=1, 1357069583.954000000
E/DataRouter( 1831): DrReadUsbStatus returns false USB is offline
E/DataRouter( 1831): DrReadUsbStatus returns false USB is offline
I/InputReader( 2004): dispatchTouch::touch event's action is 0 (deviceType=0) [pCnt=1, pending(waiting finished signal)=0]
I/InputDispatcher( 2004): Delivering touch to current input target
I/InputDispatcher( 2004): Delivering touch to current input target
I/InputReader( 2004): dispatchTouch::touch event's action is 1 (deviceType=0) [pCnt=1, pending(waiting finished signal)=0]
I/InputDispatcher( 2004): Delivering touch to current input target
I/InputDispatcher( 2004): Delivering touch to current input target
I/power ( 2004): *** acquire_dvfs_lock : lockType : 1 freq : 1200000
I/ActivityManager( 2004): START {intent.toShortString} from pid 6915
W/ActivityManager( 2004): mDVFSLock.acquire()
I/BluetoothPolicyService( 2004): isBluetoothEnabled
I/ActivityManager( 2004): No longer want app.processName (pid 7913): hidden #26
I/ManageApplications( 6915): onCreateOptionsMenu in ManageApplications{41c48260 #0 id=0x10202f7}: com.android.internal.view.menu.MenuBuilder@41c8bc68
I/ManageApplications( 6915): onCreateOptionsMenu in ManageApplications{41c48260 #0 id=0x10202f7}: com.android.internal.view.menu.MenuBuilder@41c8bc68
I/SurfaceFlinger( 1834): id=379(11) createSurface 0x32f3c (1x1),1 flag=400
E/AlarmManagerService( 2004): android_server_AlarmManagerService_set to type=1, 1357069584.954000000
E/AlarmManagerService( 2004): android_server_AlarmManagerService_set to type=1, 1357069584.964000000
I/ActivityManager( 2004): Displayed shortComponentName: +514ms
I/power ( 2004): *** release_dvfs_lock : lockType : 1
W/ActivityManager( 2004): mDVFSLock.release()
I/SurfaceFlinger( 1834): id=378 Removed idx=1 Map Size=4
I/SurfaceFlinger( 1834): id=378 Removed idx=-2 Map Size=4
E/lights ( 2004): write_int: path /sys/devices/virtual/sec/sec_touchkey/brightness, value 2
W/PowerManagerService( 2004): Timer 0x7->0x3|0x0
I/PowerManagerService( 2004): Ulight 7->3|0
E/AlarmManagerService( 2004): android_server_AlarmManagerService_set to type=1, 1357069585.964000000
E/AlarmManagerService( 2004): android_server_AlarmManagerService_set to type=1, 1357069585.999000000
E/DataRouter( 1831): DrReadUsbStatus returns false USB is offline
E/DataRouter( 1831): DrReadUsbStatus returns false USB is offline
I/InputReader( 2004): dispatchTouch::touch event's action is 0 (deviceType=0) [pCnt=1, pending(waiting finished signal)=0]
I/InputDispatcher( 2004): Delivering touch to current input target
I/InputDispatcher( 2004): Delivering touch to current input target
E/lights ( 2004): write_int: path /sys/devices/virtual/sec/sec_touchkey/brightness, value 1
I/PowerManagerService( 2004): Ulight 3->7|0
I/InputReader( 2004): dispatchTouch::touch event's action is 1 (deviceType=0) [pCnt=1, pending(waiting finished signal)=0]
I/InputDispatcher( 2004): Delivering touch to current input target
I/InputDispatcher( 2004): Delivering touch to current input target
I/ManageApplications( 6915): onCreateOptionsMenu in ManageApplications{41c48260 #0 id=0x10202f7}: com.android.internal.view.menu.MenuBuilder@41c8bc68
E/AlarmManagerService( 2004): android_server_AlarmManagerService_set to type=1, 1357069586.999000000
E/AlarmManagerService( 2004): android_server_AlarmManagerService_set to type=1, 1357069587.036000000
E/lights ( 2004): write_int: path /sys/devices/virtual/sec/sec_touchkey/brightness, value 2
W/PowerManagerService( 2004): Timer 0x7->0x3|0x0
I/PowerManagerService( 2004): Ulight 7->3|0
E/DataRouter( 1831): DrReadUsbStatus returns false USB is offline
E/DataRouter( 1831): DrReadUsbStatus returns false USB is offline
E/AlarmManagerService( 2004): android_server_AlarmManagerService_set to type=1, 1357069588.036000000
E/AlarmManagerService( 2004): android_server_AlarmManagerService_set to type=1, 1357069588.055000000
I/InputReader( 2004): dispatchTouch::touch event's action is 0 (deviceType=0) [pCnt=1, pending(waiting finished signal)=0]
I/InputDispatcher( 2004): Delivering touch to current input target
I/InputDispatcher( 2004): Delivering touch to current input target
E/lights ( 2004): write_int: path /sys/devices/virtual/sec/sec_touchkey/brightness, value 1
I/PowerManagerService( 2004): Ulight 3->7|0
I/InputReader( 2004): dispatchTouch::touch event's action is 1 (deviceType=0) [pCnt=1, pending(waiting finished signal)=0]
I/InputDispatcher( 2004): Delivering touch to current input target
I/InputDispatcher( 2004): Delivering touch to current input target
I/InputReader( 2004): dispatchTouch::touch event's action is 0 (deviceType=0) [pCnt=1, pending(waiting finished signal)=0]
I/InputDispatcher( 2004): Delivering touch to current input target
I/InputDispatcher( 2004): Delivering touch to current input target
E/AlarmManagerService( 2004): android_server_AlarmManagerService_set to type=1, 1357069589.055000000
E/AlarmManagerService( 2004): android_server_AlarmManagerService_set to type=1, 1357069589.079000000
I/InputReader( 2004): dispatchTouch::touch event's action is 1 (deviceType=0) [pCnt=1, pending(waiting finished signal)=0]
I/InputDispatcher( 2004): Delivering touch to current input target
I/InputDispatcher( 2004): Delivering touch to current input target
E/DataRouter( 1831): DrReadUsbStatus returns false USB is offline
E/DataRouter( 1831): DrReadUsbStatus returns false USB is offline
E/AlarmManagerService( 2004): android_server_AlarmManagerService_set to type=1, 1357069590.079000000
E/AlarmManagerService( 2004): android_server_AlarmManagerService_set to type=1, 1357069590.135000000
I/InputReader( 2004): dispatchTouch::touch event's action is 0 (deviceType=0) [pCnt=1, pending(waiting finished signal)=0]
I/InputDispatcher( 2004): Delivering touch to current input target
I/InputDispatcher( 2004): Delivering touch to current input target
I/InputReader( 2004): dispatchTouch::touch event's action is 1 (deviceType=0) [pCnt=1, pending(waiting finished signal)=0]
I/InputDispatcher( 2004): Delivering touch to current input target
I/InputDispatcher( 2004): Delivering touch to current input target
E/AlarmManagerService( 2004): android_server_AlarmManagerService_set to type=1, 1357069591.135000000
E/AlarmManagerService( 2004): android_server_AlarmManagerService_set to type=1, 1357069591.153000000
I/InputReader( 2004): dispatchTouch::touch event's action is 0 (deviceType=0) [pCnt=1, pending(waiting finished signal)=0]
I/InputDispatcher( 2004): Delivering touch to current input target
I/InputDispatcher( 2004): Delivering touch to current input target
I/InputReader( 2004): dispatchTouch::touch event's action is 1 (deviceType=0) [pCnt=1, pending(waiting finished signal)=0]
I/InputDispatcher( 2004): Delivering touch to current input target
I/InputDispatcher( 2004): Delivering touch to current input target
E/DataRouter( 1831): DrReadUsbStatus returns false USB is offline
E/DataRouter( 1831): DrReadUsbStatus returns false USB is offline
E/AlarmManagerService( 2004): android_server_AlarmManagerService_set to type=1, 1357069592.153000000
E/AlarmManagerService( 2004): android_server_AlarmManagerService_set to type=1, 1357069592.171000000
E/lights ( 2004): write_int: path /sys/devices/virtual/sec/sec_touchkey/brightness, value 2
W/PowerManagerService( 2004): Timer 0x7->0x3|0x0
I/PowerManagerService( 2004): Ulight 7->3|0
E/lights ( 2004): write_int: path /sys/devices/virtual/sec/sec_touchkey/brightness, value 1
I/PowerManagerService( 2004): Ulight 3->7|0
E/AlarmManagerService( 2004): android_server_AlarmManagerService_set to type=1, 1357069593.171000000
I/InputDispatcher( 2004): Delivering key to current input target
I/InputDispatcher( 2004): Delivering key to current input target
E/AlarmManagerService( 2004): android_server_AlarmManagerService_set to type=1, 1357069593.224000000
I/InputDispatcher( 2004): Delivering key to current input target
I/InputDispatcher( 2004): Delivering key to current input target
I/power ( 2004): *** acquire_dvfs_lock : lockType : 1 freq : 1200000
W/ActivityManager( 2004): mDVFSLock.acquire()
I/BluetoothPolicyService( 2004): isBluetoothEnabled
I/SurfaceFlinger( 1834): id=380(12) createSurface 0x3c654 (480x800),1 flag=400
I/SurfaceFlinger( 1834): id=379 Removed idx=3 Map Size=4
I/SurfaceFlinger( 1834): id=379 Removed idx=-2 Map Size=4
I/power ( 2004): *** release_dvfs_lock : lockType : 1
W/ActivityManager( 2004): mDVFSLock.release()
E/DataRouter( 1831): DrReadUsbStatus returns false USB is offline
E/DataRouter( 1831): DrReadUsbStatus returns false USB is offline
E/AlarmManagerService( 2004): android_server_AlarmManagerService_set to type=1, 1357069594.224000000
E/AlarmManagerService( 2004): android_server_AlarmManagerService_set to type=1, 1357069594.261000000
E/lights ( 2004): write_int: path /sys/devices/virtual/sec/sec_touchkey/brightness, value 2
W/PowerManagerService( 2004): Timer 0x7->0x3|0x0
I/PowerManagerService( 2004): Ulight 7->3|0
E/AlarmManagerService( 2004): android_server_AlarmManagerService_set to type=1, 1357069595.261000000
E/AlarmManagerService( 2004): android_server_AlarmManagerService_set to type=1, 1357069595.305000000
E/DataRouter( 1831): DrReadUsbStatus returns false USB is offline
E/DataRouter( 1831): DrReadUsbStatus returns false USB is offline
E/AlarmManagerService( 2004): android_server_AlarmManagerService_set to type=1, 1357069596.305000000
E/AlarmManagerService( 2004): android_server_AlarmManagerService_set to type=1, 1357069596.340000000
I/InputReader( 2004): dispatchTouch::touch event's action is 0 (deviceType=0) [pCnt=1, pending(waiting finished signal)=0]
I/InputDispatcher( 2004): Delivering touch to current input target
I/InputDispatcher( 2004): Delivering touch to current input target
E/lights ( 2004): write_int: path /sys/devices/virtual/sec/sec_touchkey/brightness, value 1
I/PowerManagerService( 2004): Ulight 3->7|0
I/InputReader( 2004): dispatchTouch::touch event's action is 1 (deviceType=0) [pCnt=1, pending(waiting finished signal)=0]
I/InputDispatcher( 2004): Delivering touch to current input target
I/InputDispatcher( 2004): Delivering touch to current input target
I/ActivityManager( 2004): START {intent.toShortString} from pid 6915
I/power ( 2004): *** acquire_dvfs_lock : lockType : 1 freq : 1200000
W/ActivityManager( 2004): mDVFSLock.acquire()
E/AlarmManagerService( 2004): android_server_AlarmManagerService_set to type=1, 1357069597.340000000
I/BluetoothPolicyService( 2004): isBluetoothEnabled
E/AlarmManagerService( 2004): android_server_AlarmManagerService_set to type=1, 1357069597.346000000
I/dalvikvm( 6915): Jit: resizing JitTable from 4096 to 8192
I/SurfaceFlinger( 1834): id=381(13) createSurface 0x41c0c (1x1),1 flag=400
I/ActivityManager( 2004): Displayed shortComponentName: +591ms
E/DataRouter( 1831): DrReadUsbStatus returns false USB is offline
E/DataRouter( 1831): DrReadUsbStatus returns false USB is offline
I/SurfaceFlinger( 1834): id=380 Removed idx=1 Map Size=4
I/SurfaceFlinger( 1834): id=380 Removed idx=-2 Map Size=4
I/power ( 2004): *** release_dvfs_lock : lockType : 1
W/ActivityManager( 2004): mDVFSLock.release()
E/AlarmManagerService( 2004): android_server_AlarmManagerService_set to type=1, 1357069598.346000000
E/AlarmManagerService( 2004): android_server_AlarmManagerService_set to type=1, 1357069598.356000000
E/lights ( 2004): write_int: path /sys/devices/virtual/sec/sec_touchkey/brightness, value 2
W/PowerManagerService( 2004): Timer 0x7->0x3|0x0
I/PowerManagerService( 2004): Ulight 7->3|0
E/AlarmManagerService( 2004): android_server_AlarmManagerService_set to type=1, 1357069599.356000000
E/AlarmManagerService( 2004): android_server_AlarmManagerService_set to type=1, 1357069599.365000000
E/DataRouter( 1831): DrReadUsbStatus returns false USB is offline
E/DataRouter( 1831): DrReadUsbStatus returns false USB is offline
E/AlarmManagerService( 2004): android_server_AlarmManagerService_set to type=1, 1357069600.365000000
I/InputReader( 2004): dispatchTouch::touch event's action is 0 (deviceType=0) [pCnt=1, pending(waiting finished signal)=0]
I/InputDispatcher( 2004): Delivering touch to current input target
I/InputDispatcher( 2004): Delivering touch to current input target
E/lights ( 2004): write_int: path /sys/devices/virtual/sec/sec_touchkey/brightness, value 1
I/PowerManagerService( 2004): Ulight 3->7|0
E/AlarmManagerService( 2004): android_server_AlarmManagerService_set to type=1, 1357069600.408000000
I/InputReader( 2004): dispatchTouch::touch event's action is 1 (deviceType=0) [pCnt=1, pending(waiting finished signal)=0]
I/InputDispatcher( 2004): Delivering touch to current input target
I/InputDispatcher( 2004): Delivering touch to current input target
E/AlarmManagerService( 2004): android_server_AlarmManagerService_set to type=1, 1357069601.408000000
E/AlarmManagerService( 2004): android_server_AlarmManagerService_set to type=1, 1357069601.447000000
I/InputReader( 2004): dispatchTouch::touch event's action is 0 (deviceType=0) [pCnt=1, pending(waiting finished signal)=0]
I/InputDispatcher( 2004): Delivering touch to current input target
I/InputDispatcher( 2004): Delivering touch to current input target
E/DataRouter( 1831): DrReadUsbStatus returns false USB is offline
E/DataRouter( 1831): DrReadUsbStatus returns false USB is offline
E/AlarmManagerService( 2004): android_server_AlarmManagerService_set to type=1, 1357069602.447000000
E/AlarmManagerService( 2004): android_server_AlarmManagerService_set to type=1, 1357069602.467000000
I/InputReader( 2004): dispatchTouch::touch event's action is 1 (deviceType=0) [pCnt=1, pending(waiting finished signal)=0]
I/InputDispatcher( 2004): Delivering touch to current input target
I/InputDispatcher( 2004): Delivering touch to current input target
E/AlarmManagerService( 2004): android_server_AlarmManagerService_set to type=1, 1357069603.467000000
E/AlarmManagerService( 2004): android_server_AlarmManagerService_set to type=1, 1357069603.505000000
I/InputReader( 2004): dispatchTouch::touch event's action is 0 (deviceType=0) [pCnt=1, pending(waiting finished signal)=0]
I/InputDispatcher( 2004): Delivering touch to current input target
I/InputDispatcher( 2004): Delivering touch to current input target
I/InputReader( 2004): dispatchTouch::touch event's action is 1 (deviceType=0) [pCnt=1, pending(waiting finished signal)=0]
I/InputDispatcher( 2004): Delivering touch to current input target
I/InputDispatcher( 2004): Delivering touch to current input target
E/DataRouter( 1831): DrReadUsbStatus returns false USB is offline
E/DataRouter( 1831): DrReadUsbStatus returns false USB is offline
E/AlarmManagerService( 2004): android_server_AlarmManagerService_set to type=1, 1357069604.505000000
E/AlarmManagerService( 2004): android_server_AlarmManagerService_set to type=1, 1357069604.527000000
E/lights ( 2004): write_int: path /sys/devices/virtual/sec/sec_touchkey/brightness, value 2
W/PowerManagerService( 2004): Timer 0x7->0x3|0x0
I/PowerManagerService( 2004): Ulight 7->3|0
E/AlarmManagerService( 2004): android_server_AlarmManagerService_set to type=1, 1357069605.527000000
E/AlarmManagerService( 2004): android_server_AlarmManagerService_set to type=1, 1357069605.564000000
E/DataRouter( 1831): DrReadUsbStatus returns false USB is offline
E/DataRouter( 1831): DrReadUsbStatus returns false USB is offline
E/AlarmManagerService( 2004): android_server_AlarmManagerService_set to type=1, 1357069606.564000000
E/AlarmManagerService( 2004): android_server_AlarmManagerService_set to type=1, 1357069606.601000000
I/InputReader( 2004): dispatchTouch::touch event's action is 0 (deviceType=0) [pCnt=1, pending(waiting finished signal)=0]
I/InputDispatcher( 2004): Delivering touch to current input target
I/InputDispatcher( 2004): Delivering touch to current input target
E/lights ( 2004): write_int: path /sys/devices/virtual/sec/sec_touchkey/brightness, value 1
I/PowerManagerService( 2004): Ulight 3->7|0
I/InputReader( 2004): dispatchTouch::touch event's action is 1 (deviceType=0) [pCnt=1, pending(waiting finished signal)=0]
I/InputDispatcher( 2004): Delivering touch to current input target
I/InputDispatcher( 2004): Delivering touch to current input target
E/AlarmManagerService( 2004): android_server_AlarmManagerService_set to type=1, 1357069607.601000000
E/AlarmManagerService( 2004): android_server_AlarmManagerService_set to type=1, 1357069607.667000000
E/DataRouter( 1831): DrReadUsbStatus returns false USB is offline
E/DataRouter( 1831): DrReadUsbStatus returns false USB is offline
I/InputReader( 2004): dispatchTouch::touch event's action is 0 (deviceType=0) [pCnt=1, pending(waiting finished signal)=0]
I/InputDispatcher( 2004): Delivering touch to current input target
I/InputDispatcher( 2004): Delivering touch to current input target
E/AlarmManagerService( 2004): android_server_AlarmManagerService_set to type=1, 1357069608.667000000
E/AlarmManagerService( 2004): android_server_AlarmManagerService_set to type=1, 1357069608.694000000
I/InputReader( 2004): dispatchTouch::touch event's action is 1 (deviceType=0) [pCnt=1, pending(waiting finished signal)=0]
I/InputDispatcher( 2004): Delivering touch to current input target
I/InputDispatcher( 2004): Delivering touch to current input target
E/AlarmManagerService( 2004): android_server_AlarmManagerService_set to type=1, 1357069609.694000000
E/AlarmManagerService( 2004): android_server_AlarmManagerService_set to type=1, 1357069609.713000000
E/DataRouter( 1831): DrReadUsbStatus returns false USB is offline
E/DataRouter( 1831): DrReadUsbStatus returns false USB is offline
E/lights ( 2004): write_int: path /sys/devices/virtual/sec/sec_touchkey/brightness, value 2
W/PowerManagerService( 2004): Timer 0x7->0x3|0x0
I/PowerManagerService( 2004): Ulight 7->3|0
E/AlarmManagerService( 2004): android_server_AlarmManagerService_set to type=1, 1357069610.713000000
E/AlarmManagerService( 2004): android_server_AlarmManagerService_set to type=1, 1357069610.749000000
E/AlarmManagerService( 2004): android_server_AlarmManagerService_set to type=1, 1357069611.749000000
E/AlarmManagerService( 2004): android_server_AlarmManagerService_set to type=1, 1357069611.782000000
E/DataRouter( 1831): DrReadUsbStatus returns false USB is offline
E/DataRouter( 1831): DrReadUsbStatus returns false USB is offline
E/AlarmManagerService( 2004): android_server_AlarmManagerService_set to type=1, 1357069612.782000000
E/AlarmManagerService( 2004): android_server_AlarmManagerService_set to type=1, 1357069612.817000000
E/AlarmManagerService( 2004): android_server_AlarmManagerService_set to type=1, 1357069613.817000000
E/AlarmManagerService( 2004): android_server_AlarmManagerService_set to type=1, 1357069613.863000000
E/DataRouter( 1831): DrReadUsbStatus returns false USB is offline
E/DataRouter( 1831): DrReadUsbStatus returns false USB is offline
I/InputReader( 2004): dispatchTouch::touch event's action is 0 (deviceType=0) [pCnt=1, pending(waiting finished signal)=0]
I/InputDispatcher( 2004): Delivering touch to current input target
I/InputDispatcher( 2004): Delivering touch to current input target
E/lights ( 2004): write_int: path /sys/devices/virtual/sec/sec_touchkey/brightness, value 1
I/PowerManagerService( 2004): Ulight 3->7|0
E/AlarmManagerService( 2004): android_server_AlarmManagerService_set to type=1, 1357069614.863000000
E/AlarmManagerService( 2004): android_server_AlarmManagerService_set to type=1, 1357069614.883000000
I/InputReader( 2004): dispatchTouch::touch event's action is 1 (deviceType=0) [pCnt=1, pending(waiting finished signal)=0]
I/InputDispatcher( 2004): Delivering touch to current input target
I/InputDispatcher( 2004): Delivering touch to current input target
I/InputReader( 2004): dispatchTouch::touch event's action is 0 (deviceType=0) [pCnt=1, pending(waiting finished signal)=0]
I/InputDispatcher( 2004): Delivering touch to current input target
I/InputDispatcher( 2004): Delivering touch to current input target
E/AlarmManagerService( 2004): android_server_AlarmManagerService_set to type=1, 1357069615.883000000
E/AlarmManagerService( 2004): android_server_AlarmManagerService_set to type=1, 1357069615.902000000
E/DataRouter( 1831): DrReadUsbStatus returns false USB is offline
E/DataRouter( 1831): DrReadUsbStatus returns false USB is offline
I/InputReader( 2004): dispatchTouch::touch event's action is 1 (deviceType=0) [pCnt=1, pending(waiting finished signal)=0]
I/InputDispatcher( 2004): Delivering touch to current input target
I/InputDispatcher( 2004): Delivering touch to current input target
I/InputReader( 2004): dispatchTouch::touch event's action is 0 (deviceType=0) [pCnt=1, pending(waiting finished signal)=0]
I/InputDispatcher( 2004): Delivering touch to current input target
I/InputDispatcher( 2004): Delivering touch to current input target
E/AlarmManagerService( 2004): android_server_AlarmManagerService_set to type=1, 1357069616.902000000
E/AlarmManagerService( 2004): android_server_AlarmManagerService_set to type=1, 1357069616.916000000
E/AlarmManagerService( 2004): android_server_AlarmManagerService_set to type=2, 3859.446000000
E/AlarmManagerService( 2004): android_server_AlarmManagerService_set to type=1, 1357069617.916000000
E/AlarmManagerService( 2004): android_server_AlarmManagerService_set to type=1, 1357069617.929000000
E/DataRouter( 1831): DrReadUsbStatus returns false USB is offline
E/DataRouter( 1831): DrReadUsbStatus returns false USB is offline
E/AlarmManagerService( 2004): android_server_AlarmManagerService_set to type=1, 1357069618.929000000
E/AlarmManagerService( 2004): android_server_AlarmManagerService_set to type=1, 1357069618.947000000
E/AlarmManagerService( 2004): android_server_AlarmManagerService_set to type=1, 1357069619.947000000
E/AlarmManagerService( 2004): android_server_AlarmManagerService_set to type=1, 1357069619.964000000
E/DataRouter( 1831): DrReadUsbStatus returns false USB is offline
E/DataRouter( 1831): DrReadUsbStatus returns false USB is offline
I/InputReader( 2004): dispatchTouch::touch event's action is 1 (deviceType=0) [pCnt=1, pending(waiting finished signal)=0]
I/InputDispatcher( 2004): Delivering touch to current input target
I/InputDispatcher( 2004): Delivering touch to current input target
I/InputReader( 2004): dispatchTouch::touch event's action is 0 (deviceType=0) [pCnt=1, pending(waiting finished signal)=0]
I/InputDispatcher( 2004): Delivering touch to current input target
I/InputDispatcher( 2004): Delivering touch to current input target
I/InputReader( 2004): dispatchTouch::touch event's action is 1 (deviceType=0) [pCnt=1, pending(waiting finished signal)=0]
I/InputDispatcher( 2004): Delivering touch to current input target
I/InputDispatcher( 2004): Delivering touch to current input target
E/AlarmManagerService( 2004): android_server_AlarmManagerService_set to type=1, 1357069620.964000000
E/AlarmManagerService( 2004): android_server_AlarmManagerService_set to type=3, 4075.077000000
E/AlarmManagerService( 2004): android_server_AlarmManagerService_set to type=1, 1357069621.005000000
E/AlarmManagerService( 2004): android_server_AlarmManagerService_set to type=3, 3913.172000000
E/AlarmManagerService( 2004): android_server_AlarmManagerService_set to type=1, 1357069622.005000000
E/AlarmManagerService( 2004): android_server_AlarmManagerService_set to type=1, 1357069622.021000000
E/DataRouter( 1831): DrReadUsbStatus returns false USB is offline
E/DataRouter( 1831): DrReadUsbStatus returns false USB is offline
E/lights ( 2004): write_int: path /sys/devices/virtual/sec/sec_touchkey/brightness, value 2
W/PowerManagerService( 2004): Timer 0x7->0x3|0x0
I/PowerManagerService( 2004): Ulight 7->3|0
I/InputReader( 2004): dispatchTouch::touch event's action is 0 (deviceType=0) [pCnt=1, pending(waiting finished signal)=0]
I/InputDispatcher( 2004): Delivering touch to current input target
I/InputDispatcher( 2004): Delivering touch to current input target
E/lights ( 2004): write_int: path /sys/devices/virtual/sec/sec_touchkey/brightness, value 1
I/PowerManagerService( 2004): Ulight 3->7|0
I/InputReader( 2004): dispatchTouch::touch event's action is 1 (deviceType=0) [pCnt=1, pending(waiting finished signal)=0]
I/InputDispatcher( 2004): Delivering touch to current input target
I/InputDispatcher( 2004): Delivering touch to current input target
E/AlarmManagerService( 2004): android_server_AlarmManagerService_set to type=1, 1357069623.021000000
E/AlarmManagerService( 2004): android_server_AlarmManagerService_set to type=1, 1357069623.032000000
I/InputReader( 2004): dispatchTouch::touch event's action is 0 (deviceType=0) [pCnt=1, pending(waiting finished signal)=0]
I/InputDispatcher( 2004): Delivering touch to current input target
I/InputDispatcher( 2004): Delivering touch to current input target
E/AlarmManagerService( 2004): android_server_AlarmManagerService_set to type=1, 1357069624.032000000
E/DataRouter( 1831): DrReadUsbStatus returns false USB is offline
E/DataRouter( 1831): DrReadUsbStatus returns false USB is offline
E/AlarmManagerService( 2004): android_server_AlarmManagerService_set to type=1, 1357069624.063000000
I/InputReader( 2004): dispatchTouch::touch event's action is 1 (deviceType=0) [pCnt=1, pending(waiting finished signal)=0]
I/InputDispatcher( 2004): Delivering touch to current input target
I/InputDispatcher( 2004): Delivering touch to current input target
I/InputReader( 2004): dispatchTouch::touch event's action is 0 (deviceType=0) [pCnt=1, pending(waiting finished signal)=0]
I/InputDispatcher( 2004): Delivering touch to current input target
I/InputDispatcher( 2004): Delivering touch to current input target
I/InputReader( 2004): dispatchTouch::touch event's action is 1 (deviceType=0) [pCnt=1, pending(waiting finished signal)=0]
I/InputDispatcher( 2004): Delivering touch to current input target
I/InputDispatcher( 2004): Delivering touch to current input target
E/AlarmManagerService( 2004): android_server_AlarmManagerService_set to type=1, 1357069625.063000000
E/AlarmManagerService( 2004): android_server_AlarmManagerService_set to type=1, 1357069625.079000000
I/InputDispatcher( 2004): Delivering key to current input target
I/InputDispatcher( 2004): Delivering key to current input target
I/InputDispatcher( 2004): Delivering key to current input target
I/InputDispatcher( 2004): Delivering key to current input target
I/power ( 2004): *** acquire_dvfs_lock : lockType : 1 freq : 1200000
W/ActivityManager( 2004): mDVFSLock.acquire()
I/BluetoothPolicyService( 2004): isBluetoothEnabled
I/SurfaceFlinger( 1834): id=382(14) createSurface 0x3c654 (480x800),1 flag=400
I/SurfaceFlinger( 1834): id=381 Removed idx=3 Map Size=4
I/SurfaceFlinger( 1834): id=381 Removed idx=-2 Map Size=4
I/power ( 2004): *** release_dvfs_lock : lockType : 1
W/ActivityManager( 2004): mDVFSLock.release()
E/DataRouter( 1831): DrReadUsbStatus returns false USB is offline
E/DataRouter( 1831): DrReadUsbStatus returns false USB is offline
E/AlarmManagerService( 2004): android_server_AlarmManagerService_set to type=1, 1357069626.079000000
E/AlarmManagerService( 2004): android_server_AlarmManagerService_set to type=1, 1357069626.115000000
E/lights ( 2004): write_int: path /sys/devices/virtual/sec/sec_touchkey/brightness, value 2
W/PowerManagerService( 2004): Timer 0x7->0x3|0x0
I/PowerManagerService( 2004): Ulight 7->3|0
E/AlarmManagerService( 2004): android_server_AlarmManagerService_set to type=1, 1357069627.115000000
E/AlarmManagerService( 2004): android_server_AlarmManagerService_set to type=1, 1357069627.154000000
E/AlarmManagerService( 2004): android_server_AlarmManagerService_set to type=2, 4145.394000000
E/lights ( 2004): write_int: path /sys/devices/virtual/sec/sec_touchkey/brightness, value 1
I/PowerManagerService( 2004): Ulight 3->7|0
I/InputDispatcher( 2004): Delivering key to current input target
I/InputDispatcher( 2004): Delivering key to current input target
E/AlarmManagerService( 2004): android_server_AlarmManagerService_set to type=2, 3864.482000000
E/AlarmManagerService( 2004): android_server_AlarmManagerService_set to type=2, 3864.482000000
I/InputDispatcher( 2004): Delivering key to current input target
I/InputDispatcher( 2004): Delivering key to current input target
I/BluetoothPolicyService( 2004): isBluetoothEnabled
I/Launcher( 2301): onRestart. Launcher: 41fe6e10
I/Launcher( 2301): onResume. Launcher: 41fe6e10, mIsNewIntent: false
I/SurfaceFlinger( 1834): id=383(29) createSurface 0x3263c (480x762),1 flag=0
I/SurfaceFlinger( 1834): id=384(30) createSurface 0x3521c (480x800),1 flag=0
I/Launcher( 2301): onWindowFocusChanged(true)
W/InputManagerService( 2004): Starting input on non-focused client com.android.internal.view.IInputMethodClient$Stub$Proxy@421a9060 (uid=1000 pid=6915)
I/PhotoAppWidgetProvider( 5179): onReceive
I/PhotoAppWidgetProvider( 5179): RestartSlideShow
E/DataRouter( 1831): DrReadUsbStatus returns false USB is offline
E/DataRouter( 1831): DrReadUsbStatus returns false USB is offline
I/SurfaceFlinger( 1834): id=382 Removed idx=4 Map Size=5
I/SurfaceFlinger( 1834): id=382 Removed idx=-2 Map Size=5
I/ActivityManager( 2004): No longer want app.processName (pid 7925): hidden #26
E/AlarmManagerService( 2004): android_server_AlarmManagerService_set to type=1, 1357069628.154000000
E/AlarmManagerService( 2004): android_server_AlarmManagerService_set to type=1, 1357069628.166000000
E/lights ( 2004): write_int: path /sys/devices/virtual/sec/sec_touchkey/brightness, value 2
W/PowerManagerService( 2004): Timer 0x7->0x3|0x0
I/PowerManagerService( 2004): Ulight 7->3|0
I/InputReader( 2004): dispatchTouch::touch event's action is 0 (deviceType=0) [pCnt=1, pending(waiting finished signal)=0]
I/InputDispatcher( 2004): Delivering touch to current input target
I/InputDispatcher( 2004): Delivering touch to current input target
I/InputDispatcher( 2004): Delivering touch to current input target
E/lights ( 2004): write_int: path /sys/devices/virtual/sec/sec_touchkey/brightness, value 1
I/PowerManagerService( 2004): Ulight 3->7|0
I/InputReader( 2004): dispatchTouch::touch event's action is 1 (deviceType=0) [pCnt=1, pending(waiting finished signal)=0]
I/InputDispatcher( 2004): Delivering touch to current input target
I/InputDispatcher( 2004): Delivering touch to current input target
I/InputDispatcher( 2004): Delivering touch to current input target
I/power ( 2004): *** acquire_dvfs_lock : lockType : 1 freq : 1200000
I/ActivityManager( 2004): START {intent.toShortString} from pid 2301
W/ActivityManager( 2004): mDVFSLock.acquire()
I/Launcher( 2301): onPause. Launcher: 41fe6e10
I/PhotoAppWidgetProvider( 5179): onReceive
I/PhotoAppWidgetProvider( 5179): PauseSlideShow
I/Launcher( 2301): onWindowFocusChanged(false)
I/SurfaceFlinger( 1834): id=385(65) createSurface 0x41c0c (480x800),2 flag=400
I/SurfaceFlinger( 1834): id=386(66) createSurface 0x34064 (1x1),1 flag=0
W/SurfaceView( 2301): CHECK surface infomation creating=false formatChanged=false sizeChanged=false visible=false visibleChanged=true surfaceChanged=true realSizeChanged=false redrawNeeded=false left=false top=false
E/AlarmManagerService( 2004): android_server_AlarmManagerService_set to type=1, 1357069629.166000000
E/AlarmManagerService( 2004): android_server_AlarmManagerService_set to type=1, 1357069629.173000000
I/SurfaceFlinger( 1834): id=384 Removed idx=1 Map Size=6
I/SurfaceFlinger( 1834): id=383 Removed idx=1 Map Size=5
I/SurfaceFlinger( 1834): id=384 Removed idx=-2 Map Size=5
I/SurfaceFlinger( 1834): id=383 Removed idx=-2 Map Size=5
I/power ( 2004): *** release_dvfs_lock : lockType : 1
W/ActivityManager( 2004): mDVFSLock.release()
I/InputDispatcher( 2004): Delivering touch to current input target

... and so it goes on.

Now, as far as I'm concerned it may as well be in a foreign language cos I can make no head nor tail of it.

PLEASE please can someone decipher this and tell me what my next step should be. Pretty please
 

Forum statistics

Threads
943,145
Messages
6,917,508
Members
3,158,843
Latest member
Sleezzyy21